t is the greatest common divisor of 146 and 2?
2
What is the greatest common factor of 166 and 3071?
83
Calculate the greatest common divisor of 2295 and 85.
85
Calculate the highest common divisor of 37 and 8843.
37
What is the highest common divisor of 31 and 837?
31
What is the greatest common factor of 90 and 558?
18
What is the highest common factor of 5 and 45?
5
Calculate the greatest common factor of 21 and 318.
3
What is the greatest common divisor of 50 and 100?
50
What is the highest common factor of 6 and 34?
2
What is the greatest common factor of 2 and 25?
1
Calculate the highest common divisor of 85 and 2567.
17
What is the highest common factor of 64 and 88?
8
Calculate the greatest common divisor of 507 and 117.
39
What is the greatest common divisor of 159 and 1961?
53
What is the greatest common divisor of 51 and 136?
17
Calculate the greatest common factor of 782 and 34.
34
Calculate the highest common divisor of 2261 and 51.
17
Calculate the greatest common factor of 30 and 2470.
10
Calculate the greatest common factor of 210 and 105.
105
Calculate the highest common divisor of 56 and 14.
14
Calculate the highest common factor of 95 and 10279.
19
What is the highest common divisor of 16 and 176?
16
What is the highest common divisor of 300 and 225?
75
What is the highest common divisor of 969 and 102?
51
Calculate the highest common divisor of 860 and 12.
4
What is the greatest common divisor of 75 and 6585?
15
Calculate the highest common factor of 2893 and 11.
11
What is the greatest common divisor of 364 and 37401?
91
What is the greatest common factor of 300 and 12?
12
What is the highest common divisor of 49 and 91?
7
What is the highest common divisor of 1055 and 15?
5
Calculate the highest common factor of 31 and 19375.
31
What is the greatest common divisor of 25 and 40?
5
What is the greatest common factor of 177 and 45?
3
What is the highest common divisor of 2781 and 54?
27
Calculate the greatest common factor of 6346 and 38.
38
What is the greatest common factor of 773 and 1?
1
Calculate the highest common factor of 6 and 426.
6
What is the greatest common factor of 14 and 3304?
14
What is the highest common factor of 4 and 124?
4
Calculate the greatest common factor of 16335 and 242.
121
What is the highest common factor of 130 and 320?
10
Calculate the greatest common factor of 225 and 8425.
25
Calculate the greatest common factor of 16515 and 45.
45
What is the greatest common divisor of 266 and 190?
38
What is the greatest common divisor of 1325 and 53?
53
Calculate the highest common divisor of 80 and 144.
16
Calculate the greatest common divisor of 952 and 8.
8
What is the highest common divisor of 621 and 27?
27
What is the highest common divisor of 1890 and 910?
70
Calculate the greatest common divisor of 165 and 1245.
15
What is the highest common divisor of 160 and 5?
5
What is the highest common divisor of 4550 and 30?
10
Calculate the highest common factor of 81 and 2016.
9
Calculate the highest common divisor of 33707 and 74.
37
Calculate the greatest common divisor of 935 and 55.
55
What is the highest common divisor of 4 and 22?
2
What is the greatest common divisor of 27 and 837?
27
What is the greatest common factor of 64 and 1984?
64
Calculate the greatest common divisor of 26 and 6201.
13
Calculate the highest common divisor of 42 and 138.
6
Calculate the greatest common factor of 277 and 1.
1
Calculate the greatest common divisor of 4886 and 112.
14
What is the highest common divisor of 460 and 115?
115
Calculate the greatest common divisor of 368 and 32.
16
Calculate the highest common divisor of 3330 and 180.
90
Calculate the highest common factor of 4 and 1964.
4
Calculate the greatest common divisor of 284 and 12.
4
What is the highest common divisor of 46 and 2806?
46
What is the highest common factor of 10 and 21410?
10
What is the highest common factor of 24 and 8?
8
What is the greatest common factor of 52 and 128?
4
Calculate the highest common factor of 53 and 1961.
53
Calculate the highest common divisor of 128 and 1.
1
Calculate the greatest common factor of 6785 and 575.
115
Calculate the highest common factor of 70 and 2.
2
Calculate the highest common factor of 49 and 2597.
49
What is the greatest common divisor of 121 and 1320?
11
What is the highest common divisor of 96 and 224?
32
Calculate the greatest common factor of 38 and 1558.
38
What is the highest common divisor of 36 and 3267?
9
What is the greatest common factor of 2673 and 2277?
99
Calculate the highest common divisor of 16 and 32.
16
Calculate the highest common factor of 6775 and 271.
271
Calculate the greatest common divisor of 846 and 94.
94
What is the highest common factor of 12 and 534?
6
Calculate the greatest common divisor of 755 and 30.
5
Calculate the greatest common divisor of 434 and 310.
62
What is the highest common divisor of 134 and 335?
67
Calculate the highest common factor of 5 and 845.
5
Calculate the highest common factor of 800 and 6.
2
Calculate the highest common factor of 1824 and 57.
57
What is the highest common factor of 25522 and 28?
14
What is the highest common divisor of 40 and 20?
20
What is the greatest common divisor of 54 and 270?
54
What is the highest common factor of 53 and 8?
1
What is the greatest common divisor of 128 and 12?
4
What is the highest common divisor of 198 and 1728?
18
What is the greatest common factor of 4773 and 903?
129
Calculate the highest common factor of 69 and 115.
23
Calculate the highest common divisor of 93 and 7068.
93
Calculate the greatest common divisor of 8320 and 130.
130
Calculate the highest common divisor of 151 and 8758.
151
Calculate the greatest common divisor of 26 and 793.
13
Calculate the highest common divisor of 904 and 5650.
226
What is the greatest common factor of 4650 and 750?
150
What is the highest common factor of 8 and 12?
4
Calculate the greatest common divisor of 71511 and 242.
121
Calculate the greatest common factor of 1062 and 18.
18
What is the greatest common factor of 102 and 2193?
51
Calculate the highest common factor of 2641 and 133.
19
Calculate the greatest common divisor of 434 and 248.
62
Calculate the greatest common divisor of 6492 and 12.
12
Calculate the greatest common divisor of 129 and 301.
43
What is the greatest common divisor of 117 and 195?
39
Calculate the greatest common divisor of 10 and 3.
1
Calculate the highest common factor of 56 and 9800.
56
Calculate the highest common divisor of 128 and 3040.
32
Calculate the greatest common factor of 660 and 45.
15
Calculate the highest common divisor of 100 and 960.
20
Calculate the highest common divisor of 176 and 484.
44
What is the greatest common divisor of 160 and 10?
10
Calculate the greatest common divisor of 1850 and 100.
50
Calculate the greatest common divisor of 3 and 9069.
3
Calculate the greatest common divisor of 6 and 24.
6
What is the highest common factor of 319 and 87?
29
What is the highest common factor of 740 and 89170?
370
What is the highest common divisor of 26 and 117?
13
Calculate the greatest common divisor of 20342 and 28.
14
What is the highest common divisor of 234 and 26?
26
What is the highest common factor of 6278 and 129?
43
What is the greatest common divisor of 5 and 35?
5
Calculate the highest common factor of 140 and 28.
28
What is the greatest common factor of 528 and 2310?
66
What is the highest common factor of 5 and 205?
5
What is the highest common divisor of 3614 and 78?
26
Calculate the greatest common factor of 72641 and 34.
17
Calculate the greatest common divisor of 1628 and 8.
4
Calculate the highest common divisor of 2 and 3.
1
Calculate the highest common factor of 4528 and 64.
16
What is the greatest common divisor of 56 and 14?
14
Calculate the highest common factor of 35 and 7.
7
What is the greatest common divisor of 69 and 6969?
69
Calculate the greatest common divisor of 533 and 65.
13
What is the greatest common factor of 3354 and 858?
78
Calculate the highest common divisor of 60 and 240.
60
Calculate the greatest common divisor of 117 and 9.
9
What is the highest common divisor of 750 and 150?
150
What is the greatest common divisor of 57 and 117?
3
What is the greatest common divisor 